87 a prime number?
True
Is 4421 composite?
False
Is 7403 composite?
True
Is 1543 a composite number?
False
Is 5911 a prime number?
False
Is 150613 composite?
True
Is 210785 a composite number?
True
Is 11777 a composite number?
False
Is 2609 prime?
True
Is 18481 composite?
False
Is 67349 a composite number?
False
Is 3683 composite?
True
Is 40087 prime?
True
Is 2407 a prime number?
False
Is 462811 prime?
False
Is 13171 composite?
False
Is 1904681 composite?
False
Is 63887 a prime number?
False
Is 131561 a prime number?
True
Is 1356477 a prime number?
False
Is 3847 a prime number?
True
Is 2953059 a composite number?
True
Is 9242 a composite number?
True
Is 243299 a composite number?
True
Is 57153 a prime number?
False
Is 446693 a prime number?
False
Is 16255 composite?
True
Is 98614 a composite number?
True
Is 122651 a composite number?
False
Is 67321 prime?
False
Is 685 prime?
False
Is 27191 prime?
True
Is 3989 prime?
True
Is 2579 composite?
False
Is 10223 a composite number?
False
Is 141883 prime?
False
Is 69691 composite?
False
Is 230807 a composite number?
False
Is 588347 composite?
False
Is 32831 a prime number?
True
Is 4867 prime?
False
Is 31957 prime?
True
Is 15959 a composite number?
False
Is 43481 prime?
True
Is 7737 a prime number?
False
Is 773393 prime?
True
Is 399887 a prime number?
True
Is 36559 composite?
False
Is 699 a prime number?
False
Is 5721 a composite number?
True
Is 14969 a composite number?
False
Is 28697 composite?
False
Is 288919 composite?
True
Is 460039 composite?
False
Is 165587 a composite number?
False
Is 18583 a composite number?
False
Is 11633 a composite number?
False
Is 3449 composite?
False
Is 72643 prime?
True
Is 163759 a prime number?
False
Is 312841 composite?
False
Is 14489 a composite number?
False
Is 35059 prime?
True
Is 209513 a prime number?
False
Is 10937 prime?
True
Is 15019 composite?
True
Is 8657 a composite number?
True
Is 2807 a prime number?
False
Is 913 composite?
True
Is 67573 composite?
True
Is 6733 a composite number?
False
Is 4861 prime?
True
Is 762357 composite?
True
Is 24581 a composite number?
True
Is 226741 prime?
True
Is 8663 a composite number?
False
Is 668419 a composite number?
True
Is 1112765 composite?
True
Is 190331 prime?
True
Is 127001 composite?
True
Is 365383 prime?
False
Is 1399 a composite number?
False
Is 3863 a composite number?
False
Is 63149 composite?
False
Is 11827 prime?
True
Is 6683 composite?
True
Is 85049 a composite number?
False
Is 48109 composite?
False
Is 9413 composite?
False
Is 90353 a prime number?
True
Is 69163 a prime number?
True
Is 164129 prime?
False
Is 129841 composite?
False
Is 108133 a prime number?
False
Is 170591 a composite number?
True
Is 11363 prime?
False
Is 645001 a composite number?
True
Is 787 a composite number?
False
Is 99706 a composite number?
True
Is 135533 prime?
True
Is 5017 composite?
True
Is 960103 a prime number?
False
Is 14591 a prime number?
True
Is 3098 prime?
False
Is 7369 composite?
False
Is 454889 a composite number?
False
Is 321679 prime?
True
Is 102099 a prime number?
False
Is 32827 composite?
True
Is 111803 composite?
True
Is 658817 a composite number?
False
Is 7621 composite?
False
Is 206673 composite?
True
Is 152173 a composite number?
True
Is 8857 prime?
False
Is 524603 a prime number?
False
Is 19121 a prime number?
True
Is 68719 composite?
True
Is 212887 a composite number?
True
Is 24071 a prime number?
True
Is 18803 a prime number?
True
Is 251677 a composite number?
False
Is 810113 composite?
True
Is 232621 a composite number?
False
Is 13781 prime?
True
Is 156217 a prime number?
True
Is 6581 prime?
True
Is 17467 prime?
True
Is 34401 a composite number?
True
Is 183641 a prime number?
False
Is 10493 prime?
False
Is 21377 prime?
True
Is 260787 composite?
True
Is 1823 a composite number?
False
Is 3203 a prime number?
True
Is 222773 a composite number?
False
Is 4481 composite?
False
Is 54935 composite?
True
Is 22751 a composite number?
False
Is 37421 a composite number?
True
Is 1709 prime?
True
Is 138163 a composite number?
False
Is 2099 composite?
False
Is 93579 composite?
True
Is 752603 composite?
False
Is 624917 composite?
False
Is 10511 a composite number?
True
Is 145 composite?
True
Is 40813 a composite number?
False
Is 126817 a prime number?
False
Is 701 prime?
True
Is 28151 prime?
True
Is 139351 a prime number?
False
Is 2839 composite?
True
Is 412141 a prime number?
False
Is 7603 composite?
False
Is 9407 a prime number?
False
Is 567941 a prime number?
False
Is 18923 composite?
True
Is 2867 a prime number?
False
Is 90778 a composite number?
True
Is 25903 prime?
True
Is 1895693 a prime number?
True
Is 55529 composite?
False
Is 194333 a composite number?
True
Is 217439 prime?
True
Is 422098 prime?
False
Is 63229 composite?
True
Is 139811 composite?
True
Is 287 prime?
False
Is 3032759 composite?
False
Is 1509643 composite?
False
Is 125789 prime?
True
Is 25697 prime?
False
Is 25199 prime?
False
Is 89751 prime?
False
Is 1898733 prime?
False
Is 455003 a composite number?
False
Is 1583 prime?
True
Is 1597 a composite number?
False
Is 15031 composite?
False
Is 5471 a prime number?
True
Is 25997 a prime number?
True
Is 907 composite?
False
Is 28235 prime?
False
Is 347873 a prime number?
True
Is 103787 a prime number?
True
Is 12326 a composite number?
True
Is 34469 a composite number?
False
Is 4283 composite?
False
Is 1401911 a composite number?
True
Is 905413 composite?
False
Is 231919 composite?
False
Is 9739 a prime number?
True
Is 24593 a prime number?
True
Is 63047 a composite number?
True
Is 2519 composite?
True
Is 259837 a prime number?
True
Is 668974 a composite number?
True
Is 60953 composite?
False
Is 872447 a prime number?
False
Is 8719 a prime number?
True
Is 48653 prime?
False
Is 53327 prime?
True
Is 11 a composite number?
False
Is 186149 a composite number?
False
Is 1111043 a prime number?
True
Is 24407 a composite number?
False
Is 2109959 a prime number?
True
Is 168937 a composite number?
False
Is 55423 a prime number?
False
Is 105593 prime?
False
Is 9627 a composite number?
True
Is 2819 prime?
True
Is 567031 a composite number?
False
Is 1273 composite?
True
Is 16637 composite?
True
Is 52759 composite?
True
Is 24319 a prime number?
False
Is 64267 composite?
True
Is 1277 a prime number?
True
Is 20245 a composite number?
True
Is 1260223 composite?
False
Is 1460671 composite?
False
Is 109567 a prime number?
True
Is 25433 a composite number?
True
Is 9131 prime?
False
Is 5482 composite?
True
Is 593695 composite?
True
Is 36997 prime?
True
Is 2927 prime?
True
Is 877739 a composite number?
False
Is 406309 composite?
False
Is 239419 composite?
True
Is 1918219 a prime number?
True
Is 593119 a prime number?
True
Is 3017 composite?
True
Is 2203 a prime number?
True
Is 11369 a composite number?
False
Is 431 a composite number?
False
Is 84433 a composite number?
True
Is 497 composite?
True
Is 11862767 a composite number?
True
Is 18539 a prime number?
True
Is 1014911 prime?
False
Is 189533 a composite number?
True
Is 20317 a prime number?
False
Is 5801 prime?
True
Is 7915 a prime number?
False
Is 3958 a prime number?
False
Is 1049 a prime number?
True
Is 1891933 a composite number?
False
Is 236449 a prime number?
True
Is 943729 prime?
True
Is 2894 prime?
False
Is 1219 a composite number?
True
Is 988937 a composite number?
False
Is 3511 prime?
True
Is 414833 prime?
True
Is 138854 a composite number?
True
Is 252919 prime?
True
Is 47213 a prime number?
False
Is 53437 a composite number?
False
Is 83051 a composite number?
True
Is 811337 prime?
True
Is 14998 a prime number?
False
Is 37123 a composite number?
False
Is 386909 a composite number?
True
Is 6007 a prime number?
True
Is 203491 composite?
True
Is 1874189 composite?
False
Is 17011 composite?
False
Is 536033 a prime number?
False
Is 2537 a prime number?
False
Is 29683 composite?
False
Is 40459 prime?
True
Is 466315 prime?
False
Is 50311 prime?
True
Is 2819 prime?
True
Is 102149 composite?
False
Is 253651 a composite number?
False
Is 295921 prime?
False
Is 23181 prime?
False
Is 30749 a composite number?
True
Is 2031851 composite?
False
Is 50411 prime?
True
Is 1397 a composite number?
True
Is 103307 a composite number?
False
Is 339223 a composite number?
False
Is 393073 c